988 is divided by 3929?
3914
Calculate the remainder when 166715 is divided by 84.
59
Calculate the remainder when 3163 is divided by 146.
97
Calculate the remainder when 94489 is divided by 10231.
2410
What is the remainder when 22144836 is divided by 263629?
0
Calculate the remainder when 85243957 is divided by 7454.
13
Calculate the remainder when 9688601 is divided by 66.
65
Calculate the remainder when 116097 is divided by 57462.
1173
Calculate the remainder when 17720318 is divided by 8860114.
90
What is the remainder when 525194 is divided by 260?
254
Calculate the remainder when 1444884 is divided by 815.
704
What is the remainder when 1256913 is divided by 2067?
177
Calculate the remainder when 12461603 is divided by 2872.
2867
What is the remainder when 8990742 is divided by 241?
237
Calculate the remainder when 556637997 is divided by 733.
729
What is the remainder when 3774081 is divided by 27?
21
Calculate the remainder when 3174992434 is divided by 21.
19
Calculate the remainder when 132316967 is divided by 10.
7
Calculate the remainder when 1085622928 is divided by 1679.
1676
Calculate the remainder when 598378506 is divided by 13.
11
Calculate the remainder when 181726 is divided by 678.
22
What is the remainder when 1894134 is divided by 21?
18
What is the remainder when 1620755 is divided by 147341?
4
What is the remainder when 102353544 is divided by 63931?
13
Calculate the remainder when 21717057 is divided by 1551213.
75
Calculate the remainder when 2746008 is divided by 47.
33
Calculate the remainder when 852833 is divided by 421.
308
What is the remainder when 86809 is divided by 7867?
272
Calculate the remainder when 688728 is divided by 2159.
7
What is the remainder when 570924133 is divided by 55?
43
What is the remainder when 704574 is divided by 10838?
104
What is the remainder when 4450483 is divided by 774?
757
What is the remainder when 132476 is divided by 2637?
626
What is the remainder when 268311244 is divided by 9?
4
Calculate the remainder when 252544 is divided by 63136.
0
What is the remainder when 3314 is divided by 1040?
194
What is the remainder when 528329 is divided by 27769?
718
What is the remainder when 3440891 is divided by 2373?
41
What is the remainder when 65104 is divided by 1961?
391
What is the remainder when 1340 is divided by 223?
2
Calculate the remainder when 64499 is divided by 173.
143
What is the remainder when 58460034 is divided by 2293?
2292
Calculate the remainder when 886871 is divided by 98539.
20
What is the remainder when 939178 is divided by 72243?
19
What is the remainder when 41388 is divided by 846?
780
What is the remainder when 356687 is divided by 39616?
143
What is the remainder when 675392 is divided by 674755?
637
What is the remainder when 631118 is divided by 49?
47
What is the remainder when 79724 is divided by 528?
524
What is the remainder when 335821620 is divided by 479?
468
What is the remainder when 5946281 is divided by 62?
47
What is the remainder when 29786 is divided by 1626?
518
What is the remainder when 863620 is divided by 288?
196
What is the remainder when 455745 is divided by 31?
14
Calculate the remainder when 1583327 is divided by 2466.
155
What is the remainder when 72601 is divided by 4412?
2009
What is the remainder when 27912987 is divided by 25?
12
Calculate the remainder when 32244 is divided by 31565.
679
What is the remainder when 238686 is divided by 5810?
476
Calculate the remainder when 254458 is divided by 8813.
7694
Calculate the remainder when 2677595 is divided by 96.
59
What is the remainder when 163475 is divided by 1643?
818
What is the remainder when 284254 is divided by 277375?
6879
What is the remainder when 330651 is divided by 67?
6
Calculate the remainder when 8843064 is divided by 137.
125
Calculate the remainder when 526250 is divided by 97.
25
What is the remainder when 54945 is divided by 9046?
669
Calculate the remainder when 19396909 is divided by 2424602.
93
What is the remainder when 392141 is divided by 98034?
5
Calculate the remainder when 265352 is divided by 183.
2
Calculate the remainder when 2242065 is divided by 2445.
0
Calculate the remainder when 15040 is divided by 5013.
1
What is the remainder when 8155535 is divided by 52958?
3
Calculate the remainder when 105342 is divided by 34389.
2175
Calculate the remainder when 730940065 is divided by 13.
11
Calculate the remainder when 56421 is divided by 9127.
1659
Calculate the remainder when 4642106 is divided by 773683.
8
Calculate the remainder when 1211592 is divided by 268.
232
What is the remainder when 2130966 is divided by 16138?
750
Calculate the remainder when 359144 is divided by 4716.
728
What is the remainder when 2336016 is divided by 15891?
39
Calculate the remainder when 678813 is divided by 226267.
12
What is the remainder when 2300425 is divided by 766800?
25
Calculate the remainder when 41800492 is divided by 34.
8
What is the remainder when 5317766 is divided by 123?
107
Calculate the remainder when 1522177 is divided by 19764.
349
What is the remainder when 311456 is divided by 80?
16
Calculate the remainder when 191296 is divided by 38250.
46
What is the remainder when 2706800 is divided by 704?
624
What is the remainder when 43186506 is divided by 3214?
3202
What is the remainder when 44818075 is divided by 4979784?
19
What is the remainder when 24792 is divided by 563?
20
What is the remainder when 2851070 is divided by 184?
174
Calculate the remainder when 2427158 is divided by 891.
74
What is the remainder when 624586820 is divided by 1763?
1758
What is the remainder when 668940 is divided by 111489?
6
Calculate the remainder when 6771475 is divided by 2765.
2755
Calculate the remainder when 53813655 is divided by 194977.
3
Calculate the remainder when 203575 is divided by 917.
1
Calculate the remainder when 148405 is divided by 197.
64
What is the remainder when 206497 is divided by 541?
376
What is the remainder when 971564 is divided by 440?
44
What is the remainder when 20060 is divided by 4914?
404
Calculate the remainder when 113426 is divided by 37248.
1682
What is the remainder when 8033529 is divided by 3225?
54
Calculate the remainder when 25962 is divided by 12595.
772
What is the remainder when 15344 is divided by 1394?
10
Calculate the remainder when 8251489 is divided by 1375207.
247
What is the remainder when 962062 is divided by 31029?
163
What is the remainder when 6691606 is divided by 418224?
22
What is the remainder when 754164603 is divided by 38?
35
Calculate the remainder when 68679 is divided by 3704.
2007
What is the remainder when 196951 is divided by 1172?
55
What is the remainder when 7301 is divided by 3339?
623
What is the remainder when 426574 is divided by 7?
1
Calculate the remainder when 431814 is divided by 337.
117
What is the remainder when 8474412 is divided by 85?
82
Calculate the remainder when 55661 is divided by 24738.
6185
What is the remainder when 1226183 is divided by 578?
245
What is the remainder when 3151 is divided by 2829?
322
What is the remainder when 354982 is divided by 481?
4
Calculate the remainder when 24318755 is divided by 308.
307
What is the remainder when 338394 is divided by 74?
66
Calculate the remainder when 1525349 is divided by 61013.
24
Calculate the remainder when 14357772 is divided by 63250.
22
What is the remainder when 6983 is divided by 1551?
779
What is the remainder when 5386233 is divided by 571?
561
Calculate the remainder when 790605 is divided by 827.
820
Calculate the remainder when 3024 is divided by 1676.
1348
What is the remainder when 1274350 is divided by 637173?
4
What is the remainder when 10028204 is divided by 2229?
2162
What is the remainder when 13132777 is divided by 1800?
1777
Calculate the remainder when 584745550 is divided by 4.
2
Calculate the remainder when 179323 is divided by 58722.
3157
Calculate the remainder when 625531 is divided by 12257.
424
Calculate the remainder when 1371499 is divided by 3998.
185
What is the remainder when 2137007 is divided by 11806?
121
Calculate the remainder when 20117706 is divided by 2873949.
63
What is the remainder when 222476188 is divided by 376?
372
Calculate the remainder when 48775 is div